{"id":1001,"date":"2024-03-26T13:42:00","date_gmt":"2024-03-26T16:42:00","guid":{"rendered":"https:\/\/executivaoffice.com.br\/?post_type=product&#038;p=1001"},"modified":"2024-03-26T14:14:48","modified_gmt":"2024-03-26T17:14:48","slug":"cadeira-polipropileno","status":"publish","type":"product","link":"https:\/\/executivaoffice.com.br\/index.php\/produto\/cadeira-polipropileno\/","title":{"rendered":"Cadeira Polipropileno"},"content":{"rendered":"<ul>\n<li>Peso suportado: 120kg<\/li>\n<li>Assento e Encosto em polipropileno preto<\/li>\n<li>Base fixa de a\u00e7o<\/li>\n<li>Empilh\u00e1vel<\/li>\n<li>Garantia contra defeitos de fabrica\u00e7\u00e3o (ART 12, CDC)<\/li>\n<li>A garantia n\u00e3o cobre defeitos de manuseio, deteriora\u00e7\u00e3o natural ou danos de terceiros e mau uso.<\/li>\n<li><\/li>\n<\/ul>\n","protected":false},"excerpt":{"rendered":"<p><strong>A CADEIRA POLIPROPILENO VAI MONTADA PARA SUA RESIDENCIA<\/strong><\/p>\n","protected":false},"featured_media":1002,"comment_status":"open","ping_status":"closed","template":"","meta":{"_joinchat":[]},"product_cat":[43,34],"product_tag":[],"class_list":{"0":"post-1001","1":"product","2":"type-product","3":"status-publish","4":"has-post-thumbnail","6":"product_cat-cadeira-fixa","7":"product_cat-cadeiras-plasticas","9":"first","10":"instock","11":"shipping-taxable","12":"purchasable","13":"product-type-simple"},"_links":{"self":[{"href":"https:\/\/executivaoffice.com.br\/index.php\/wp-json\/wp\/v2\/product\/1001","targetHints":{"allow":["GET"]}}],"collection":[{"href":"https:\/\/executivaoffice.com.br\/index.php\/wp-json\/wp\/v2\/product"}],"about":[{"href":"https:\/\/executivaoffice.com.br\/index.php\/wp-json\/wp\/v2\/types\/product"}],"replies":[{"embeddable":true,"href":"https:\/\/executivaoffice.com.br\/index.php\/wp-json\/wp\/v2\/comments?post=1001"}],"wp:featuredmedia":[{"embeddable":true,"href":"https:\/\/executivaoffice.com.br\/index.php\/wp-json\/wp\/v2\/media\/1002"}],"wp:attachment":[{"href":"https:\/\/executivaoffice.com.br\/index.php\/wp-json\/wp\/v2\/media?parent=1001"}],"wp:term":[{"taxonomy":"product_cat","embeddable":true,"href":"https:\/\/executivaoffice.com.br\/index.php\/wp-json\/wp\/v2\/product_cat?post=1001"},{"taxonomy":"product_tag","embeddable":true,"href":"https:\/\/executivaoffice.com.br\/index.php\/wp-json\/wp\/v2\/product_tag?post=1001"}],"curies":[{"name":"wp","href":"https:\/\/api.w.org\/{rel}","templated":true}]}}