{"id":1010,"date":"2024-03-26T14:41:49","date_gmt":"2024-03-26T17:41:49","guid":{"rendered":"https:\/\/executivaoffice.com.br\/?post_type=product&#038;p=1010"},"modified":"2024-03-26T14:41:49","modified_gmt":"2024-03-26T17:41:49","slug":"longarina-aeroporto-2-lugares-estofada","status":"publish","type":"product","link":"https:\/\/executivaoffice.com.br\/index.php\/produto\/longarina-aeroporto-2-lugares-estofada\/","title":{"rendered":"Longarina Aeroporto 2 Lugares Estofada"},"content":{"rendered":"<div class=\"product-details-wrapper\">\n<div class=\"summary entry-summary\">\n<div class=\"woocommerce-product-details__short-description\">\n<p><strong>Produto:<\/strong> Longarina AEROPORTO ESTOFADA com 02 Lugares \u2013 Cor Cromada \u2013\u00a0 \u2013 33110<\/p>\n<p><strong>Modelo:<\/strong>\u00a0Cadeira Longarina Aeroporto<\/p>\n<p><strong>Refer\u00eancia do Modelo:<\/strong>\u00a0Longarina Estofada \/ Corino 2 Lugares<\/p>\n<p><strong>Cor:<\/strong>\u00a0Cinza \/ Preto<\/p>\n<p><strong>Assento e encosto:<\/strong>\u00a0Cromado \/ Corino<\/p>\n<p><strong>Material da Base:\u00a0<\/strong>Estrutura Cromada \/ Pintura Eletrost\u00e1tica \/ Barra Dupla da Estrutura \/ Estofado Corino<\/p>\n<p><strong>Garantia do Fornecedor:<\/strong>\u00a024 Meses<\/p>\n<p><strong>Marca:<\/strong>\u00a0Pollo M\u00f3veis<\/p>\n<\/div>\n<\/div>\n<\/div>\n<div class=\"woocommerce-tabs wc-tabs-wrapper\">\n<p>&nbsp;<\/p>\n<div id=\"tab-description\" class=\"woocommerce-Tabs-panel woocommerce-Tabs-panel--description panel entry-content wc-tab\" role=\"tabpanel\" aria-labelledby=\"tab-title-description\">\n<p><strong>Longarina AEROPORTO ESTOFADA com 02 Lugares \u2013 Cor Cromada \u2013\u00a0 \u2013 33110<\/strong><\/p>\n<p><strong>Ficha T\u00e9cnica:<\/strong><\/p>\n<p>Garantia do Fornecedor: 24 Meses<\/p>\n<p><strong>Modelo: LONGARINA PARA ESCRIT\u00d3RIO<\/strong><\/p>\n<p>Refer\u00eancia do Modelo: LONGARINA AEROPORTO<\/p>\n<p>Conte\u00fado da Embalagem: Assento e Encosto Cromado \/ Longarina 02 Lugares<\/p>\n<p><strong>Peso Suportado (Kg): 130 Por Assento<\/strong><\/p>\n<p>Peso da embalagem c\/ produto (kg): 30<\/p>\n<p>Total de Volumes: 02<\/p>\n<p><strong>Ambiente:<\/strong>\u00a0Escrit\u00f3rio<\/p>\n<p>Cores Dispon\u00edveis:\u00a0<strong>Cinza \/ Preto ( Com Acabamento Cromado )<\/strong><\/p>\n<p><strong>Outros Recursos \/ Mais informa\u00e7\u00f5es:<\/strong>\u00a0Estrutura Cromada \/ Pintura Eletrost\u00e1tica \/ Barra Dupla da Estrutura \/ Assento Encosto e Estrutura Cromada \/ Estofado Corino<\/p>\n<p>Marca: Pollo M\u00f3veis<\/p>\n<p>Material da Estrutura: A\u00c7O CROMADO<\/p>\n<p><strong>Produto \u00e9 enviado desmontado (n\u00e3o realizamos a montagem) \u2013 Acompanha manual de instru\u00e7\u00f5es para montagem.<\/strong><\/p>\n<p>Primeiro consulte o valor do frete e prazo de entrega e s\u00f3 clique em comprar quando tiver certeza da compra e n\u00e3o tiver nenhuma d\u00favida.<\/p>\n<p>A Transportadora n\u00e3o se responsabiliza, no ato da entrega, por subir escadas\/elevadores ou transporte por guincho em apartamentos. Eventuais despesas s\u00e3o de responsabilidade do comprador. Confira as dimens\u00f5es deste produto e certifique-se de que passar\u00e1 normalmente por supostos elevadores, portas, escadas e\/ou corredores. Para mais informa\u00e7\u00f5es, acesse nossa Central de Atendimento.<\/p>\n<p><strong>Instru\u00e7\u00f5es de Limpeza:<\/strong><\/p>\n<p>Passar um pano levemente umedecido com \u00e1gua ou detergente neutro e em seguida um pano seco para as limpezas do dia a dia.<\/p>\n<p>Nunca use produtos abrasivos, como sapon\u00e1ceos, esponja de a\u00e7o, escova com cerdas duras, entre outros.<\/p>\n<p><strong>Instru\u00e7\u00f5es de Conserva\u00e7\u00e3o:<\/strong><\/p>\n<p>Evitar expor\/utilizar os produtos em ambientes com alta umidade, exemplo: c\u00e2maras frias, saunas e \u00e1reas molhadas.<\/p>\n<p>N\u00e3o armazenar produtos corrosivos, exemplo: \u00e1cido, cloro etc.<\/p>\n<p><strong>Longarina AEROPORTO ESTOFADA com 02 Lugares \u2013 Cor Cromada \u2013\u00a0 \u2013 33110<\/strong><\/p>\n<p>E Deus limpar\u00e1 dos seus olhos toda a l\u00e1grima.<\/p>\n<\/div>\n<\/div>\n","protected":false},"excerpt":{"rendered":"<p><strong>A LONGARINA AEROPORTO ESTOFADA DE 2 LUGARES PODE IR TANTO MONTADA QUANTO DESMONTADA PARA SUA RESIDENCIA<\/strong><\/p>\n","protected":false},"featured_media":1011,"comment_status":"open","ping_status":"closed","template":"","meta":{"_joinchat":[]},"product_cat":[37],"product_tag":[],"class_list":{"0":"post-1010","1":"product","2":"type-product","3":"status-publish","4":"has-post-thumbnail","6":"product_cat-longarinas","8":"first","9":"instock","10":"shipping-taxable","11":"purchasable","12":"product-type-simple"},"_links":{"self":[{"href":"https:\/\/executivaoffice.com.br\/index.php\/wp-json\/wp\/v2\/product\/1010","targetHints":{"allow":["GET"]}}],"collection":[{"href":"https:\/\/executivaoffice.com.br\/index.php\/wp-json\/wp\/v2\/product"}],"about":[{"href":"https:\/\/executivaoffice.com.br\/index.php\/wp-json\/wp\/v2\/types\/product"}],"replies":[{"embeddable":true,"href":"https:\/\/executivaoffice.com.br\/index.php\/wp-json\/wp\/v2\/comments?post=1010"}],"wp:featuredmedia":[{"embeddable":true,"href":"https:\/\/executivaoffice.com.br\/index.php\/wp-json\/wp\/v2\/media\/1011"}],"wp:attachment":[{"href":"https:\/\/executivaoffice.com.br\/index.php\/wp-json\/wp\/v2\/media?parent=1010"}],"wp:term":[{"taxonomy":"product_cat","embeddable":true,"href":"https:\/\/executivaoffice.com.br\/index.php\/wp-json\/wp\/v2\/product_cat?post=1010"},{"taxonomy":"product_tag","embeddable":true,"href":"https:\/\/executivaoffice.com.br\/index.php\/wp-json\/wp\/v2\/product_tag?post=1010"}],"curies":[{"name":"wp","href":"https:\/\/api.w.org\/{rel}","templated":true}]}}