{"id":1094,"date":"2024-04-11T14:36:07","date_gmt":"2024-04-11T17:36:07","guid":{"rendered":"https:\/\/executivaoffice.com.br\/?post_type=product&#038;p=1094"},"modified":"2024-09-11T09:39:49","modified_gmt":"2024-09-11T12:39:49","slug":"longarina-secretaria-3-lugares","status":"publish","type":"product","link":"https:\/\/executivaoffice.com.br\/index.php\/produto\/longarina-secretaria-3-lugares\/","title":{"rendered":"Longarina Secretaria 3 Lugares"},"content":{"rendered":"<p><strong>Longarina Secret\u00e1ria Preto 3 Lugares Shop Cadeiras<\/strong><\/p>\n<p>&nbsp;<\/p>\n<p>&#8211; A cadeira longarina foi projetada para proporcionar conforto e bem estar, tornando o dia-a-dia mais confort\u00e1vel. Utilizada para compor diversos tipos de ambientes profissionais ou particulares.<\/p>\n<p>&#8211; Assento e encosto: madeira compensada.<\/p>\n<p>&#8211; Assento e encosto: espuma injetada com densidade m\u00e9dia de 55kg\/m3.<\/p>\n<p>&#8211; Revestimento do assento e encosto: em tecido polipropileno preto.<\/p>\n<p>&#8211; Base: Confeccionado em tubo de a\u00e7o carbono 50&#215;30.<\/p>\n<p>&#8211; Medidas Assento: 41 cm largura x 39 cm profundidade x 70 espessura<\/p>\n<p>&#8211; Medidas Encosto: 30 cm largura x 29 cm altura x 70 espessura<\/p>\n<p>&#8211; Altura do Assento at\u00e9 o ch\u00e3o: 45 cm<\/p>\n<p>&#8211; Altura total at\u00e9 o ch\u00e3o: 83 cm<\/p>\n<p>&#8211; Dimens\u00f5es aproximadas do produto montado: 145 cm largura\u00a0 x 50 cm profundidade x 83 cm altura<\/p>\n<p>&#8211; Conte\u00fado da embalagem: 1 longarina.<\/p>\n<p>&#8211; Peso l\u00edquido aproximado do produto: 16,5 kg<\/p>\n<p>&#8211; Peso recomendado: at\u00e9 120 kg \/ lugar<\/p>\n<p>&#8211; Garantia: 3 meses.<\/p>\n","protected":false},"excerpt":{"rendered":"<p>OBSERVA\u00c7\u00d5ES IMPORTANTES<\/p>\n<p>&#8211; Ao receber a mercadoria efetuar a confer\u00eancia.<\/p>\n<p>&#8211; Produto entregue desmontado, por\u00e9m de f\u00e1cil montagem. Acompanha manual.<\/p>\n<p>&#8211; Para montagem \u00e9 necess\u00e1rio ferramenta (chave Philips).<\/p>\n<p>&#8211; Confira as dimens\u00f5es do produto e certifique-se de que passar\u00e1 normalmente por elevadores, portas, escadas ou corredores de sua resid\u00eancia.<\/p>\n<p>&#8211; As medidas s\u00e3o aproximadas podendo sofrer pequenas varia\u00e7\u00f5es.<\/p>\n","protected":false},"featured_media":1095,"comment_status":"open","ping_status":"closed","template":"","meta":{"_joinchat":[]},"product_cat":[37],"product_tag":[],"class_list":{"0":"post-1094","1":"product","2":"type-product","3":"status-publish","4":"has-post-thumbnail","6":"product_cat-longarinas","8":"first","9":"instock","10":"shipping-taxable","11":"purchasable","12":"product-type-simple"},"_links":{"self":[{"href":"https:\/\/executivaoffice.com.br\/index.php\/wp-json\/wp\/v2\/product\/1094","targetHints":{"allow":["GET"]}}],"collection":[{"href":"https:\/\/executivaoffice.com.br\/index.php\/wp-json\/wp\/v2\/product"}],"about":[{"href":"https:\/\/executivaoffice.com.br\/index.php\/wp-json\/wp\/v2\/types\/product"}],"replies":[{"embeddable":true,"href":"https:\/\/executivaoffice.com.br\/index.php\/wp-json\/wp\/v2\/comments?post=1094"}],"wp:featuredmedia":[{"embeddable":true,"href":"https:\/\/executivaoffice.com.br\/index.php\/wp-json\/wp\/v2\/media\/1095"}],"wp:attachment":[{"href":"https:\/\/executivaoffice.com.br\/index.php\/wp-json\/wp\/v2\/media?parent=1094"}],"wp:term":[{"taxonomy":"product_cat","embeddable":true,"href":"https:\/\/executivaoffice.com.br\/index.php\/wp-json\/wp\/v2\/product_cat?post=1094"},{"taxonomy":"product_tag","embeddable":true,"href":"https:\/\/executivaoffice.com.br\/index.php\/wp-json\/wp\/v2\/product_tag?post=1094"}],"curies":[{"name":"wp","href":"https:\/\/api.w.org\/{rel}","templated":true}]}}