{"id":1109,"date":"2024-04-18T13:45:06","date_gmt":"2024-04-18T16:45:06","guid":{"rendered":"https:\/\/executivaoffice.com.br\/?post_type=product&#038;p=1109"},"modified":"2024-11-22T02:38:15","modified_gmt":"2024-11-22T05:38:15","slug":"mesa-em-l-com-vidro-glass","status":"publish","type":"product","link":"https:\/\/executivaoffice.com.br\/index.php\/produto\/mesa-em-l-com-vidro-glass\/","title":{"rendered":"Mesa Em L Com Vidro Glass"},"content":{"rendered":"<p>Mesa em L glass , tampo encabe\u00e7ado em MDP 40mm.com gaveteiro pedestal acoplado , Painel frontal em MDP 15mm. P\u00e9 painel em MDP 110mm. p\u00e9s painel de 25mm e com sapatas niveladoras de desn\u00edvel do piso. Perfis em fita de borda ABS 1mm.<br \/>\nMEDIDAS 1500 X 750 X 1820mm (LxAxP)<\/p>\n<p>para outras op\u00e7\u00f5es de cores e medidas entre em contato com um de nossos consultores.<\/p>\n","protected":false},"excerpt":{"rendered":"<p><strong>Mesa em L glass , tampo encabe\u00e7ado em MDP 40mm.com gaveteiro pedestal acoplado , Painel frontal em MDP 15mm. P\u00e9 painel em MDP 110mm. p\u00e9s painel de 25mm e com sapatas niveladoras de desn\u00edvel do piso. Perfis em fita de borda ABS 1mm. MEDIDAS 1500 X 750 X 1820mm (LxAxP) para outras op\u00e7\u00f5es de cores e medidas entre em contato com um de nossos consultores.<\/strong><\/p>\n","protected":false},"featured_media":1110,"comment_status":"open","ping_status":"closed","template":"","meta":{"_joinchat":[]},"product_cat":[39],"product_tag":[],"class_list":{"0":"post-1109","1":"product","2":"type-product","3":"status-publish","4":"has-post-thumbnail","6":"product_cat-mesas","8":"first","9":"instock","10":"shipping-taxable","11":"purchasable","12":"product-type-simple"},"_links":{"self":[{"href":"https:\/\/executivaoffice.com.br\/index.php\/wp-json\/wp\/v2\/product\/1109","targetHints":{"allow":["GET"]}}],"collection":[{"href":"https:\/\/executivaoffice.com.br\/index.php\/wp-json\/wp\/v2\/product"}],"about":[{"href":"https:\/\/executivaoffice.com.br\/index.php\/wp-json\/wp\/v2\/types\/product"}],"replies":[{"embeddable":true,"href":"https:\/\/executivaoffice.com.br\/index.php\/wp-json\/wp\/v2\/comments?post=1109"}],"wp:featuredmedia":[{"embeddable":true,"href":"https:\/\/executivaoffice.com.br\/index.php\/wp-json\/wp\/v2\/media\/1110"}],"wp:attachment":[{"href":"https:\/\/executivaoffice.com.br\/index.php\/wp-json\/wp\/v2\/media?parent=1109"}],"wp:term":[{"taxonomy":"product_cat","embeddable":true,"href":"https:\/\/executivaoffice.com.br\/index.php\/wp-json\/wp\/v2\/product_cat?post=1109"},{"taxonomy":"product_tag","embeddable":true,"href":"https:\/\/executivaoffice.com.br\/index.php\/wp-json\/wp\/v2\/product_tag?post=1109"}],"curies":[{"name":"wp","href":"https:\/\/api.w.org\/{rel}","templated":true}]}}