{"id":1226,"date":"2024-09-26T12:42:40","date_gmt":"2024-09-26T15:42:40","guid":{"rendered":"https:\/\/executivaoffice.com.br\/?post_type=product&#038;p=1226"},"modified":"2026-02-05T14:07:37","modified_gmt":"2026-02-05T17:07:37","slug":"cadeira-diretor-esteirinha-cor-cinza","status":"publish","type":"product","link":"https:\/\/executivaoffice.com.br\/index.php\/produto\/cadeira-diretor-esteirinha-cor-cinza\/","title":{"rendered":"Cadeira DIRETOR  Esteirinha\u2013 Cor CINZA \u2013"},"content":{"rendered":"<p><strong>Cadeira DIRETOR Charles Eames Esteirinha \u2013 Cor CINZA \u2013 <\/strong><\/p>\n<ul>\n<li>Cor Cinza<\/li>\n<li>Base de A\u00e7o cromado<\/li>\n<li>Base Girat\u00f3ria<\/li>\n<li>Assento em Corino<\/li>\n<li>Encosto em Corino<\/li>\n<li>Rod\u00edzio refor\u00e7ado<\/li>\n<li><strong>Garantia do Fornecedor: 11 Meses<\/strong>\n<ul>\n<li>Peso Suportado (Kg): 120<\/li>\n<\/ul>\n<\/li>\n<\/ul>\n","protected":false},"excerpt":{"rendered":"<p>Cadeira DIRETOR Charles Eames Esteirinha \u2013 Cor CINZA \u2013 Cor Cinza Base de A\u00e7o cromado Base Girat\u00f3ria Assento em Corino Encosto em Corino Rod\u00edzio refor\u00e7ado Garantia do Fornecedor: 11 Meses Peso Suportado (Kg): 120<\/p>\n","protected":false},"featured_media":1227,"comment_status":"open","ping_status":"closed","template":"","meta":{"_joinchat":[]},"product_cat":[32,45],"product_tag":[],"class_list":{"0":"post-1226","1":"product","2":"type-product","3":"status-publish","4":"has-post-thumbnail","6":"product_cat-cadeira-diretor","7":"product_cat-cadeiras","9":"first","10":"instock","11":"shipping-taxable","12":"purchasable","13":"product-type-simple"},"_links":{"self":[{"href":"https:\/\/executivaoffice.com.br\/index.php\/wp-json\/wp\/v2\/product\/1226","targetHints":{"allow":["GET"]}}],"collection":[{"href":"https:\/\/executivaoffice.com.br\/index.php\/wp-json\/wp\/v2\/product"}],"about":[{"href":"https:\/\/executivaoffice.com.br\/index.php\/wp-json\/wp\/v2\/types\/product"}],"replies":[{"embeddable":true,"href":"https:\/\/executivaoffice.com.br\/index.php\/wp-json\/wp\/v2\/comments?post=1226"}],"wp:featuredmedia":[{"embeddable":true,"href":"https:\/\/executivaoffice.com.br\/index.php\/wp-json\/wp\/v2\/media\/1227"}],"wp:attachment":[{"href":"https:\/\/executivaoffice.com.br\/index.php\/wp-json\/wp\/v2\/media?parent=1226"}],"wp:term":[{"taxonomy":"product_cat","embeddable":true,"href":"https:\/\/executivaoffice.com.br\/index.php\/wp-json\/wp\/v2\/product_cat?post=1226"},{"taxonomy":"product_tag","embeddable":true,"href":"https:\/\/executivaoffice.com.br\/index.php\/wp-json\/wp\/v2\/product_tag?post=1226"}],"curies":[{"name":"wp","href":"https:\/\/api.w.org\/{rel}","templated":true}]}}