{"id":1357,"date":"2024-11-06T13:12:38","date_gmt":"2024-11-06T16:12:38","guid":{"rendered":"https:\/\/executivaoffice.com.br\/?post_type=product&#038;p=1357"},"modified":"2026-01-15T09:37:02","modified_gmt":"2026-01-15T12:37:02","slug":"conjunto-quadrado-c-04-cadeiras-colorido-tampo-branco-02-a-06-anos-infantil","status":"publish","type":"product","link":"https:\/\/executivaoffice.com.br\/index.php\/produto\/conjunto-quadrado-c-04-cadeiras-colorido-tampo-branco-02-a-06-anos-infantil\/","title":{"rendered":"Conjunto Quadrado c\/ 04 Cadeiras COLORIDO \u2013 TAMPO BRANCO \u2013 02 a 06 Anos \u2013 INFANTIL\u00a0"},"content":{"rendered":"<p><strong>Conjunto Quadrado c\/ 04 Cadeiras COLORIDO \u2013 TAMPO BRANCO \u2013 02 a 06 Anos \u2013 INFANTIL\u00a0<\/strong><\/p>\n<p>Descri\u00e7\u00e3o:<\/p>\n<p>Especifica\u00e7\u00f5es do Produto:<\/p>\n<p>Mesa<br \/>\nAltura: 60cm<br \/>\nMedida: 80x80xm<\/p>\n<p><strong>Cadeira:<\/strong><br \/>\nAltura do Assento: 35cm<\/p>\n<p>Cor das Cadeiras: COLORIDO<\/p>\n<p><strong>Composi\u00e7\u00e3o:<\/strong>\u00a0Tubo de A\u00e7o, Pol\u00edmero termopl\u00e1stico.<\/p>\n<p>Acabamento dos tubos em ponteiras de pol\u00edmero termopl\u00e1stico na cor cinza.<\/p>\n<p>Fixa\u00e7\u00e3o da estrutura ao tampo atrav\u00e9s de parafusos soberbo direto na madeira.<\/p>\n<p>Fixa\u00e7\u00e3o dos Pl\u00e1sticos \u00e0 estrutura por meio de Parafusos Plastic Philips (Facilitando a Montagem).<\/p>\n<p>Os metais recebem tratamento por imers\u00e3o anti-ferrugem e pintura ep\u00f3xi p\u00f3 poli\u00e9ster na cor cinza.<\/p>\n<p><strong>Material do Tampo:<\/strong>\u00a0MDF BRANCO<\/p>\n<p>Material do Assento: Pol\u00edmero Termopl\u00e1stico (Polipropileno)<\/p>\n<p>Material da estrutura: Tubo de A\u00e7o 7\/8<\/p>\n<p>Pl\u00e1stico n\u00e3o t\u00f3xico! (PP)<\/p>\n<p>Idade Recomendada: 02 a 06 Anos de Idade<\/p>\n","protected":false},"excerpt":{"rendered":"<p>Conjunto Quadrado c\/ 04 Cadeiras COLORIDO \u2013 TAMPO BRANCO \u2013 02 a 06 Anos \u2013 INFANTIL\u00a0 Descri\u00e7\u00e3o: Especifica\u00e7\u00f5es do Produto: Mesa Altura: 60cm Medida: 80x80xm Cadeira: Altura do Assento: 35cm Cor das Cadeiras: COLORIDO Composi\u00e7\u00e3o:\u00a0Tubo de A\u00e7o, Pol\u00edmero termopl\u00e1stico. Acabamento dos tubos em ponteiras de pol\u00edmero termopl\u00e1stico na cor cinza. Fixa\u00e7\u00e3o da estrutura ao tampo [&hellip;]<\/p>\n","protected":false},"featured_media":1358,"comment_status":"open","ping_status":"closed","template":"","meta":{"_joinchat":[]},"product_cat":[73],"product_tag":[],"class_list":{"0":"post-1357","1":"product","2":"type-product","3":"status-publish","4":"has-post-thumbnail","6":"product_cat-moveis-escolar","8":"first","9":"instock","10":"shipping-taxable","11":"product-type-simple"},"_links":{"self":[{"href":"https:\/\/executivaoffice.com.br\/index.php\/wp-json\/wp\/v2\/product\/1357","targetHints":{"allow":["GET"]}}],"collection":[{"href":"https:\/\/executivaoffice.com.br\/index.php\/wp-json\/wp\/v2\/product"}],"about":[{"href":"https:\/\/executivaoffice.com.br\/index.php\/wp-json\/wp\/v2\/types\/product"}],"replies":[{"embeddable":true,"href":"https:\/\/executivaoffice.com.br\/index.php\/wp-json\/wp\/v2\/comments?post=1357"}],"wp:featuredmedia":[{"embeddable":true,"href":"https:\/\/executivaoffice.com.br\/index.php\/wp-json\/wp\/v2\/media\/1358"}],"wp:attachment":[{"href":"https:\/\/executivaoffice.com.br\/index.php\/wp-json\/wp\/v2\/media?parent=1357"}],"wp:term":[{"taxonomy":"product_cat","embeddable":true,"href":"https:\/\/executivaoffice.com.br\/index.php\/wp-json\/wp\/v2\/product_cat?post=1357"},{"taxonomy":"product_tag","embeddable":true,"href":"https:\/\/executivaoffice.com.br\/index.php\/wp-json\/wp\/v2\/product_tag?post=1357"}],"curies":[{"name":"wp","href":"https:\/\/api.w.org\/{rel}","templated":true}]}}