{"id":1413,"date":"2024-11-26T14:37:51","date_gmt":"2024-11-26T17:37:51","guid":{"rendered":"https:\/\/executivaoffice.com.br\/?post_type=product&#038;p=1413"},"modified":"2026-02-05T14:28:15","modified_gmt":"2026-02-05T17:28:15","slug":"cadeira-fixa-jvf","status":"publish","type":"product","link":"https:\/\/executivaoffice.com.br\/index.php\/produto\/cadeira-fixa-jvf\/","title":{"rendered":"CADEIRA FIXA JVF"},"content":{"rendered":"<p><strong>Cadeira Tela JVF (Fixa) base Cromada \u2013 Cor Preto \u2013\u00a0<\/strong><\/p>\n<p><strong>Ficha T\u00e9cnica:<\/strong><\/p>\n<p>Garantia do Fornecedor: 11 Meses<\/p>\n<p><strong>Modelo: Cadeira para Escrit\u00f3rio<\/strong><\/p>\n<p>Refer\u00eancia do Modelo: Cadeira Tela Mesh<\/p>\n<p>Conte\u00fado da Embalagem: Interlocutor Tela \/ Estrutura Fixa<\/p>\n<p><strong>Peso Suportado (Kg): 130<\/strong><\/p>\n","protected":false},"excerpt":{"rendered":"<p>Cadeira Tela JVF (Fixa) base Cromada \u2013 Cor Preto \u2013\u00a0 Ficha T\u00e9cnica: Garantia do Fornecedor: 11 Meses Modelo: Cadeira para Escrit\u00f3rio Refer\u00eancia do Modelo: Cadeira Tela Mesh Conte\u00fado da Embalagem: Interlocutor Tela \/ Estrutura Fixa Peso Suportado (Kg): 130<\/p>\n","protected":false},"featured_media":1414,"comment_status":"open","ping_status":"closed","template":"","meta":{"_joinchat":[]},"product_cat":[43],"product_tag":[],"class_list":{"0":"post-1413","1":"product","2":"type-product","3":"status-publish","4":"has-post-thumbnail","6":"product_cat-cadeira-fixa","8":"first","9":"instock","10":"shipping-taxable","11":"purchasable","12":"product-type-simple"},"_links":{"self":[{"href":"https:\/\/executivaoffice.com.br\/index.php\/wp-json\/wp\/v2\/product\/1413","targetHints":{"allow":["GET"]}}],"collection":[{"href":"https:\/\/executivaoffice.com.br\/index.php\/wp-json\/wp\/v2\/product"}],"about":[{"href":"https:\/\/executivaoffice.com.br\/index.php\/wp-json\/wp\/v2\/types\/product"}],"replies":[{"embeddable":true,"href":"https:\/\/executivaoffice.com.br\/index.php\/wp-json\/wp\/v2\/comments?post=1413"}],"wp:featuredmedia":[{"embeddable":true,"href":"https:\/\/executivaoffice.com.br\/index.php\/wp-json\/wp\/v2\/media\/1414"}],"wp:attachment":[{"href":"https:\/\/executivaoffice.com.br\/index.php\/wp-json\/wp\/v2\/media?parent=1413"}],"wp:term":[{"taxonomy":"product_cat","embeddable":true,"href":"https:\/\/executivaoffice.com.br\/index.php\/wp-json\/wp\/v2\/product_cat?post=1413"},{"taxonomy":"product_tag","embeddable":true,"href":"https:\/\/executivaoffice.com.br\/index.php\/wp-json\/wp\/v2\/product_tag?post=1413"}],"curies":[{"name":"wp","href":"https:\/\/api.w.org\/{rel}","templated":true}]}}