{"id":1596,"date":"2025-01-13T10:20:51","date_gmt":"2025-01-13T13:20:51","guid":{"rendered":"https:\/\/executivaoffice.com.br\/?post_type=product&#038;p=1596"},"modified":"2026-01-15T09:36:01","modified_gmt":"2026-01-15T12:36:01","slug":"kit-escolar-individual-amarelo-mesa-e-cadeira-adulto-cor-amarelo","status":"publish","type":"product","link":"https:\/\/executivaoffice.com.br\/index.php\/produto\/kit-escolar-individual-amarelo-mesa-e-cadeira-adulto-cor-amarelo\/","title":{"rendered":"Kit Escolar Individual AMARELO \u2013 (Mesa e Cadeira) \u2013 ADULTO \u2013 \u2013 COR AMARELO \u2013"},"content":{"rendered":"<p><strong>Produto:<\/strong> Kit Escolar Individual AMARELO \u2013 (Mesa e Cadeira) \u2013 ADULTO \u2013 \u2013 COR AMARELO \u2013<\/p>\n<p><strong>Modelo:\u00a0<\/strong>Kit Escolar Individual<\/p>\n<p><strong>Refer\u00eancia do Modelo:<\/strong>\u00a0Kit Escolar individual adulto amarelo<\/p>\n<p><strong>Altura mesa (cm):<\/strong>\u00a076<\/p>\n<p><strong>Largura mesa (cm):<\/strong>\u00a060<\/p>\n<p><strong>Profundidade mesa (cm):<\/strong>\u00a00,44<\/p>\n<p><strong>Peso Suportado (Kg):<\/strong>\u00a0120<\/p>\n<p><strong>Cor:<\/strong>\u00a0Amarelo<\/p>\n<p><strong>Garantia do Fornecedor:<\/strong>\u00a024 Meses<\/p>\n<p><strong>Marca:<\/strong>\u00a0PME<\/p>\n<p><strong>Mais Informa\u00e7\u00f5es:<\/strong>\u00a0Assento e encosto em pol\u00edmero termopl\u00e1stico (polipropileno), Estrutura de a\u00e7o, Pl\u00e1stico n\u00e3o t\u00f3xico, Pl\u00e1stico 100% sustent\u00e1vel, Porta Copos, Porta Livros.<\/p>\n","protected":false},"excerpt":{"rendered":"<p>Produto: Kit Escolar Individual AMARELO \u2013 (Mesa e Cadeira) \u2013 ADULTO \u2013 \u2013 COR AMARELO \u2013 Modelo:\u00a0Kit Escolar Individual Refer\u00eancia do Modelo:\u00a0Kit Escolar individual adulto amarelo Altura mesa (cm):\u00a076 Largura mesa (cm):\u00a060 Profundidade mesa (cm):\u00a00,44 Peso Suportado (Kg):\u00a0120 Cor:\u00a0Amarelo Garantia do Fornecedor:\u00a024 Meses Marca:\u00a0PME Mais Informa\u00e7\u00f5es:\u00a0Assento e encosto em pol\u00edmero termopl\u00e1stico (polipropileno), Estrutura de a\u00e7o, [&hellip;]<\/p>\n","protected":false},"featured_media":1345,"comment_status":"open","ping_status":"closed","template":"","meta":{"_joinchat":[]},"product_cat":[73],"product_tag":[50,54,53,48,55,49,47,58,51],"class_list":{"0":"post-1596","1":"product","2":"type-product","3":"status-publish","4":"has-post-thumbnail","6":"product_cat-moveis-escolar","7":"product_tag-cadeira","8":"product_tag-escola","9":"product_tag-escolar","10":"product_tag-escritorio","11":"product_tag-infantil","12":"product_tag-luxo","13":"product_tag-moveis","14":"product_tag-moveis-escolar","15":"product_tag-office","17":"first","18":"instock","19":"shipping-taxable","20":"product-type-simple"},"_links":{"self":[{"href":"https:\/\/executivaoffice.com.br\/index.php\/wp-json\/wp\/v2\/product\/1596","targetHints":{"allow":["GET"]}}],"collection":[{"href":"https:\/\/executivaoffice.com.br\/index.php\/wp-json\/wp\/v2\/product"}],"about":[{"href":"https:\/\/executivaoffice.com.br\/index.php\/wp-json\/wp\/v2\/types\/product"}],"replies":[{"embeddable":true,"href":"https:\/\/executivaoffice.com.br\/index.php\/wp-json\/wp\/v2\/comments?post=1596"}],"wp:featuredmedia":[{"embeddable":true,"href":"https:\/\/executivaoffice.com.br\/index.php\/wp-json\/wp\/v2\/media\/1345"}],"wp:attachment":[{"href":"https:\/\/executivaoffice.com.br\/index.php\/wp-json\/wp\/v2\/media?parent=1596"}],"wp:term":[{"taxonomy":"product_cat","embeddable":true,"href":"https:\/\/executivaoffice.com.br\/index.php\/wp-json\/wp\/v2\/product_cat?post=1596"},{"taxonomy":"product_tag","embeddable":true,"href":"https:\/\/executivaoffice.com.br\/index.php\/wp-json\/wp\/v2\/product_tag?post=1596"}],"curies":[{"name":"wp","href":"https:\/\/api.w.org\/{rel}","templated":true}]}}