{"id":1931,"date":"2025-11-18T11:53:24","date_gmt":"2025-11-18T14:53:24","guid":{"rendered":"https:\/\/executivaoffice.com.br\/?post_type=product&#038;p=1931"},"modified":"2026-01-23T13:51:22","modified_gmt":"2026-01-23T16:51:22","slug":"mesa-direto-c-vidro-190x150m-nogal-sevilha-preto","status":"publish","type":"product","link":"https:\/\/executivaoffice.com.br\/index.php\/produto\/mesa-direto-c-vidro-190x150m-nogal-sevilha-preto\/","title":{"rendered":"Mesa DIRETORIA COM VIDRO 1,90\u00d71,50m   NOGAL SEVILHA \/ PRETO"},"content":{"rendered":"<p><strong>Mesa Diretor c\/ vidro c\/ Aparador \u2013 P\u00e9 de MADEIRA \u2013 1,90\u00d71,50m \u2013 NOGAL SEVILHA \/ PRETO<\/strong><\/p>\n<p><strong>Especifica\u00e7\u00f5es:<\/strong><\/p>\n<ul>\n<li>Vidro Fum\u00ea<\/li>\n<li>MDP<\/li>\n<li>03 Gavetas (01 para pasta suspensa)<\/li>\n<li>Arm\u00e1rio com puxador<\/li>\n<\/ul>\n<p><strong>Garantia do Fornecedor: 12 Meses<\/strong><\/p>\n<p><strong>Medidas (m):<\/strong><\/p>\n<ul>\n<li>Altura: 0,75m<\/li>\n<li>Largura: 1,90m<\/li>\n<li>Profundidade total: 1,50m<\/li>\n<li>Profundidade do tampo: 0,70m<\/li>\n<\/ul>\n<p><strong>Especifica\u00e7\u00f5es<\/strong>:<\/p>\n<ul>\n<li>Modelo: Mesa Diretor<\/li>\n<li>Refer\u00eancia do Modelo: Mesa Diretor com vidro<\/li>\n<\/ul>\n","protected":false},"excerpt":{"rendered":"<p>Mesa Diretor c\/ vidro c\/ Aparador \u2013 P\u00e9 de MADEIRA \u2013 1,90\u00d71,50m \u2013 NOGAL SEVILHA \/ PRETO Especifica\u00e7\u00f5es: Vidro Fum\u00ea MDP 03 Gavetas (01 para pasta suspensa) Arm\u00e1rio com puxador Garantia do Fornecedor: 12 Meses Medidas (m): Altura: 0,75m Largura: 1,90m Profundidade total: 1,50m Profundidade do tampo: 0,70m Especifica\u00e7\u00f5es: Modelo: Mesa Diretor Refer\u00eancia do Modelo: [&hellip;]<\/p>\n","protected":false},"featured_media":1932,"comment_status":"open","ping_status":"closed","template":"","meta":{"_joinchat":[]},"product_cat":[39],"product_tag":[48,70,49,59,71,47,61,63,51],"class_list":{"0":"post-1931","1":"product","2":"type-product","3":"status-publish","4":"has-post-thumbnail","6":"product_cat-mesas","7":"product_tag-escritorio","8":"product_tag-goiania","9":"product_tag-luxo","10":"product_tag-mesa","11":"product_tag-mesas","12":"product_tag-moveis","13":"product_tag-moveis-escritorio","14":"product_tag-moveis-para-escritorio","15":"product_tag-office","17":"first","18":"instock","19":"shipping-taxable","20":"purchasable","21":"product-type-simple"},"_links":{"self":[{"href":"https:\/\/executivaoffice.com.br\/index.php\/wp-json\/wp\/v2\/product\/1931","targetHints":{"allow":["GET"]}}],"collection":[{"href":"https:\/\/executivaoffice.com.br\/index.php\/wp-json\/wp\/v2\/product"}],"about":[{"href":"https:\/\/executivaoffice.com.br\/index.php\/wp-json\/wp\/v2\/types\/product"}],"replies":[{"embeddable":true,"href":"https:\/\/executivaoffice.com.br\/index.php\/wp-json\/wp\/v2\/comments?post=1931"}],"wp:featuredmedia":[{"embeddable":true,"href":"https:\/\/executivaoffice.com.br\/index.php\/wp-json\/wp\/v2\/media\/1932"}],"wp:attachment":[{"href":"https:\/\/executivaoffice.com.br\/index.php\/wp-json\/wp\/v2\/media?parent=1931"}],"wp:term":[{"taxonomy":"product_cat","embeddable":true,"href":"https:\/\/executivaoffice.com.br\/index.php\/wp-json\/wp\/v2\/product_cat?post=1931"},{"taxonomy":"product_tag","embeddable":true,"href":"https:\/\/executivaoffice.com.br\/index.php\/wp-json\/wp\/v2\/product_tag?post=1931"}],"curies":[{"name":"wp","href":"https:\/\/api.w.org\/{rel}","templated":true}]}}