{"id":2193,"date":"2026-01-15T13:59:10","date_gmt":"2026-01-15T16:59:10","guid":{"rendered":"https:\/\/executivaoffice.com.br\/?post_type=product&#038;p=2193"},"modified":"2026-01-23T13:28:56","modified_gmt":"2026-01-23T16:28:56","slug":"mesa-reuniao-240x110-louro-preto","status":"publish","type":"product","link":"https:\/\/executivaoffice.com.br\/index.php\/produto\/mesa-reuniao-240x110-louro-preto\/","title":{"rendered":"Mesa Reuni\u00e3o 2,40\u00d71,10 LOURO PRETO"},"content":{"rendered":"<p>Mesa de Reuni\u00e3o 2,40\u00d71,10m \u2013 C\/ 01 Caixa de Tomadas LOURO PRETO<\/p>\n","protected":false},"excerpt":{"rendered":"<p>Mesa de Reuni\u00e3o 2,40\u00d71,10m \u2013 C\/ 01 Caixa de Tomadas LOURO PRETO<\/p>\n","protected":false},"featured_media":2194,"comment_status":"open","ping_status":"closed","template":"","meta":{"_joinchat":[]},"product_cat":[39],"product_tag":[62,71,61,51],"class_list":{"0":"post-2193","1":"product","2":"type-product","3":"status-publish","4":"has-post-thumbnail","6":"product_cat-mesas","7":"product_tag-cadeira-para-escritorio","8":"product_tag-mesas","9":"product_tag-moveis-escritorio","10":"product_tag-office","12":"first","13":"instock","14":"shipping-taxable","15":"purchasable","16":"product-type-simple"},"_links":{"self":[{"href":"https:\/\/executivaoffice.com.br\/index.php\/wp-json\/wp\/v2\/product\/2193","targetHints":{"allow":["GET"]}}],"collection":[{"href":"https:\/\/executivaoffice.com.br\/index.php\/wp-json\/wp\/v2\/product"}],"about":[{"href":"https:\/\/executivaoffice.com.br\/index.php\/wp-json\/wp\/v2\/types\/product"}],"replies":[{"embeddable":true,"href":"https:\/\/executivaoffice.com.br\/index.php\/wp-json\/wp\/v2\/comments?post=2193"}],"wp:featuredmedia":[{"embeddable":true,"href":"https:\/\/executivaoffice.com.br\/index.php\/wp-json\/wp\/v2\/media\/2194"}],"wp:attachment":[{"href":"https:\/\/executivaoffice.com.br\/index.php\/wp-json\/wp\/v2\/media?parent=2193"}],"wp:term":[{"taxonomy":"product_cat","embeddable":true,"href":"https:\/\/executivaoffice.com.br\/index.php\/wp-json\/wp\/v2\/product_cat?post=2193"},{"taxonomy":"product_tag","embeddable":true,"href":"https:\/\/executivaoffice.com.br\/index.php\/wp-json\/wp\/v2\/product_tag?post=2193"}],"curies":[{"name":"wp","href":"https:\/\/api.w.org\/{rel}","templated":true}]}}