{"id":2294,"date":"2026-04-28T14:16:09","date_gmt":"2026-04-28T17:16:09","guid":{"rendered":"https:\/\/executivaoffice.com.br\/?post_type=product&#038;p=2294"},"modified":"2026-04-28T14:16:09","modified_gmt":"2026-04-28T17:16:09","slug":"cadeira-executiva-lisa-giratoria-com-bracos-regulaveis","status":"publish","type":"product","link":"https:\/\/executivaoffice.com.br\/index.php\/produto\/cadeira-executiva-lisa-giratoria-com-bracos-regulaveis\/","title":{"rendered":"Cadeira Executiva LISA Girat\u00f3ria com Bra\u00e7os Regul\u00e1veis"},"content":{"rendered":"","protected":false},"excerpt":{"rendered":"<div id=\"commercegurus-pdp-gallery\" class=\"images cg-grid-layout cg-layout-grid-2-4 cg-lightbox-active\" data-layout-class=\"cg-layout-grid-2-4\">\n<div class=\"swiper-container cg-main-swiper\"><\/div>\n<\/div>\n<div id=\"cgkit-pdp-gallery-outside\"><\/div>\n<div class=\"summary entry-summary\">\n<div class=\"woocommerce-product-details__short-description\">\n<p><strong>Produto:<\/strong> Cadeira Executiva LISA Girat\u00f3ria com Bra\u00e7os Regul\u00e1veis<\/p>\n<p><strong>Modelo:<\/strong>\u00a0Executiva com bra\u00e7os regul\u00e1veis<\/p>\n<p><strong>Cor:<\/strong> Cor Preto<\/p>\n<p><strong>Mecanismo:<\/strong>\u00a0Regulagem de Altura<\/p>\n<p><strong>Estofado:<\/strong>\u00a0Espuma injetada, corino cor preto.<\/p>\n<p><strong>Material da Base:<\/strong> Pist\u00e3o \u00e0 G\u00e1s \/ Aranha Met\u00e1lica<\/p>\n<p><strong>Garantia do Fornecedor:<\/strong> 12 Meses<\/p>\n<\/div>\n<\/div>\n","protected":false},"featured_media":2295,"comment_status":"open","ping_status":"closed","template":"","meta":{"_joinchat":[]},"product_cat":[33],"product_tag":[],"class_list":{"0":"post-2294","1":"product","2":"type-product","3":"status-publish","4":"has-post-thumbnail","6":"product_cat-cadeira-executiva","8":"first","9":"instock","10":"shipping-taxable","11":"purchasable","12":"product-type-simple"},"_links":{"self":[{"href":"https:\/\/executivaoffice.com.br\/index.php\/wp-json\/wp\/v2\/product\/2294","targetHints":{"allow":["GET"]}}],"collection":[{"href":"https:\/\/executivaoffice.com.br\/index.php\/wp-json\/wp\/v2\/product"}],"about":[{"href":"https:\/\/executivaoffice.com.br\/index.php\/wp-json\/wp\/v2\/types\/product"}],"replies":[{"embeddable":true,"href":"https:\/\/executivaoffice.com.br\/index.php\/wp-json\/wp\/v2\/comments?post=2294"}],"wp:featuredmedia":[{"embeddable":true,"href":"https:\/\/executivaoffice.com.br\/index.php\/wp-json\/wp\/v2\/media\/2295"}],"wp:attachment":[{"href":"https:\/\/executivaoffice.com.br\/index.php\/wp-json\/wp\/v2\/media?parent=2294"}],"wp:term":[{"taxonomy":"product_cat","embeddable":true,"href":"https:\/\/executivaoffice.com.br\/index.php\/wp-json\/wp\/v2\/product_cat?post=2294"},{"taxonomy":"product_tag","embeddable":true,"href":"https:\/\/executivaoffice.com.br\/index.php\/wp-json\/wp\/v2\/product_tag?post=2294"}],"curies":[{"name":"wp","href":"https:\/\/api.w.org\/{rel}","templated":true}]}}

Cadeira Executiva LISA Giratória com Braços Reguláveis

<div id="commercegurus-pdp-gallery" class="images cg-grid-layout cg-layout-grid-2-4 cg-lightbox-active" data-layout-class="cg-layout-grid-2-4">
<div class="swiper-container cg-main-swiper"></div>
</div>
<div id="cgkit-pdp-gallery-outside"></div>
<div class="summary entry-summary">
<div class="woocommerce-product-details__short-description">
<p><strong>Produto:</strong> Cadeira Executiva LISA Giratória com Braços Reguláveis</p>
<p><strong>Modelo:</strong> Executiva com braços reguláveis</p>
<p><strong>Cor:</strong> Cor Preto</p>
<p><strong>Mecanismo:</strong> Regulagem de Altura</p>
<p><strong>Estofado:</strong> Espuma injetada, corino cor preto.</p>
<p><strong>Material da Base:</strong> Pistão à Gás / Aranha Metálica</p>
<p><strong>Garantia do Fornecedor:</strong> 12 Meses</p>
</div>
</div>
