{"id":2317,"date":"2026-04-28T15:02:58","date_gmt":"2026-04-28T18:02:58","guid":{"rendered":"https:\/\/executivaoffice.com.br\/?post_type=product&#038;p=2317"},"modified":"2026-04-28T15:02:58","modified_gmt":"2026-04-28T18:02:58","slug":"cadeira-giratoria-diretorzinha-com-bracos-regulaveis","status":"publish","type":"product","link":"https:\/\/executivaoffice.com.br\/index.php\/produto\/cadeira-giratoria-diretorzinha-com-bracos-regulaveis\/","title":{"rendered":"Cadeira Girat\u00f3ria Diretorzinha com Bra\u00e7os Regul\u00e1veis"},"content":{"rendered":"","protected":false},"excerpt":{"rendered":"<p data-start=\"144\" data-end=\"354\">A cadeira girat\u00f3ria diretorzinha foi desenvolvida para oferecer conforto e praticidade para a rotina de trabalho. Possui regulagem de altura do assento, permitindo melhor adapta\u00e7\u00e3o ao usu\u00e1rio durante o uso di\u00e1rio.<\/p>\n<p data-start=\"356\" data-end=\"648\">Conta com bra\u00e7os regul\u00e1veis para maior apoio e conforto, al\u00e9m de assento e encosto com espuma injetada, proporcionando maior durabilidade e resist\u00eancia.<\/p>\n<p data-start=\"650\" data-end=\"866\"><strong data-start=\"650\" data-end=\"670\">Caracter\u00edsticas:<\/strong><br data-start=\"670\" data-end=\"673\" \/>\u2022 Regulagem de altura do assento<br data-start=\"705\" data-end=\"708\" \/>\u2022 Bra\u00e7os regul\u00e1veis<br data-start=\"727\" data-end=\"730\" \/>\u2022 Espuma injetada<br data-start=\"747\" data-end=\"750\" data-is-only-node=\"\" \/>\u2022 Revestimento em courino preto costurado<br data-start=\"791\" data-end=\"794\" \/>\u2022 Base girat\u00f3ria com rod\u00edzios<br data-start=\"823\" data-end=\"826\" \/><\/p>\n","protected":false},"featured_media":2318,"comment_status":"open","ping_status":"closed","template":"","meta":{"_joinchat":[]},"product_cat":[32],"product_tag":[],"class_list":{"0":"post-2317","1":"product","2":"type-product","3":"status-publish","4":"has-post-thumbnail","6":"product_cat-cadeira-diretor","8":"first","9":"instock","10":"shipping-taxable","11":"purchasable","12":"product-type-simple"},"_links":{"self":[{"href":"https:\/\/executivaoffice.com.br\/index.php\/wp-json\/wp\/v2\/product\/2317","targetHints":{"allow":["GET"]}}],"collection":[{"href":"https:\/\/executivaoffice.com.br\/index.php\/wp-json\/wp\/v2\/product"}],"about":[{"href":"https:\/\/executivaoffice.com.br\/index.php\/wp-json\/wp\/v2\/types\/product"}],"replies":[{"embeddable":true,"href":"https:\/\/executivaoffice.com.br\/index.php\/wp-json\/wp\/v2\/comments?post=2317"}],"wp:featuredmedia":[{"embeddable":true,"href":"https:\/\/executivaoffice.com.br\/index.php\/wp-json\/wp\/v2\/media\/2318"}],"wp:attachment":[{"href":"https:\/\/executivaoffice.com.br\/index.php\/wp-json\/wp\/v2\/media?parent=2317"}],"wp:term":[{"taxonomy":"product_cat","embeddable":true,"href":"https:\/\/executivaoffice.com.br\/index.php\/wp-json\/wp\/v2\/product_cat?post=2317"},{"taxonomy":"product_tag","embeddable":true,"href":"https:\/\/executivaoffice.com.br\/index.php\/wp-json\/wp\/v2\/product_tag?post=2317"}],"curies":[{"name":"wp","href":"https:\/\/api.w.org\/{rel}","templated":true}]}}

Cadeira Giratória Diretorzinha com Braços Reguláveis

<p data-start="144" data-end="354">A cadeira giratória diretorzinha foi desenvolvida para oferecer conforto e praticidade para a rotina de trabalho. Possui regulagem de altura do assento, permitindo melhor adaptação ao usuário durante o uso diário.</p>
<p data-start="356" data-end="648">Conta com braços reguláveis para maior apoio e conforto, além de assento e encosto com espuma injetada, proporcionando maior durabilidade e resistência.</p>
<p data-start="650" data-end="866"><strong data-start="650" data-end="670">Características:</strong><br data-start="670" data-end="673" />• Regulagem de altura do assento<br data-start="705" data-end="708" />• Braços reguláveis<br data-start="727" data-end="730" />• Espuma injetada<br data-start="747" data-end="750" data-is-only-node="" />• Revestimento em courino preto costurado<br data-start="791" data-end="794" />• Base giratória com rodízios<br data-start="823" data-end="826" /></p>
