{"id":2328,"date":"2026-04-28T16:21:25","date_gmt":"2026-04-28T19:21:25","guid":{"rendered":"https:\/\/executivaoffice.com.br\/?post_type=product&#038;p=2328"},"modified":"2026-04-28T16:21:25","modified_gmt":"2026-04-28T19:21:25","slug":"cadeira-diretor-costurada-braco-regulavel","status":"publish","type":"product","link":"https:\/\/executivaoffice.com.br\/index.php\/produto\/cadeira-diretor-costurada-braco-regulavel\/","title":{"rendered":"Cadeira Diretor Costurada Bra\u00e7o Regul\u00e1vel"},"content":{"rendered":"","protected":false},"excerpt":{"rendered":"<p><strong>Produto:<\/strong> Cadeira DIRETOR Costurada Girat\u00f3ria Bra\u00e7o regul\u00e1vel<\/p>\n<p><strong>Estofado:<\/strong>\u00a0Corino Preto \/ Espuma Injetada<\/p>\n<p><strong>Material da Base:<\/strong>\u00a0Aranha Met\u00e1lica\u00a0 \/ Bra\u00e7o corsa \/ regulagem de altura<\/p>\n<p><strong>Garantia do Fornecedor:<\/strong>\u00a012 Meses<\/p>\n","protected":false},"featured_media":2329,"comment_status":"open","ping_status":"closed","template":"","meta":{"_joinchat":[]},"product_cat":[32],"product_tag":[],"class_list":{"0":"post-2328","1":"product","2":"type-product","3":"status-publish","4":"has-post-thumbnail","6":"product_cat-cadeira-diretor","8":"first","9":"instock","10":"shipping-taxable","11":"purchasable","12":"product-type-simple"},"_links":{"self":[{"href":"https:\/\/executivaoffice.com.br\/index.php\/wp-json\/wp\/v2\/product\/2328","targetHints":{"allow":["GET"]}}],"collection":[{"href":"https:\/\/executivaoffice.com.br\/index.php\/wp-json\/wp\/v2\/product"}],"about":[{"href":"https:\/\/executivaoffice.com.br\/index.php\/wp-json\/wp\/v2\/types\/product"}],"replies":[{"embeddable":true,"href":"https:\/\/executivaoffice.com.br\/index.php\/wp-json\/wp\/v2\/comments?post=2328"}],"wp:featuredmedia":[{"embeddable":true,"href":"https:\/\/executivaoffice.com.br\/index.php\/wp-json\/wp\/v2\/media\/2329"}],"wp:attachment":[{"href":"https:\/\/executivaoffice.com.br\/index.php\/wp-json\/wp\/v2\/media?parent=2328"}],"wp:term":[{"taxonomy":"product_cat","embeddable":true,"href":"https:\/\/executivaoffice.com.br\/index.php\/wp-json\/wp\/v2\/product_cat?post=2328"},{"taxonomy":"product_tag","embeddable":true,"href":"https:\/\/executivaoffice.com.br\/index.php\/wp-json\/wp\/v2\/product_tag?post=2328"}],"curies":[{"name":"wp","href":"https:\/\/api.w.org\/{rel}","templated":true}]}}