{"id":727,"date":"2024-03-05T15:32:50","date_gmt":"2024-03-05T18:32:50","guid":{"rendered":"https:\/\/executivaoffice.com.br\/?post_type=product&#038;p=727"},"modified":"2024-03-12T13:23:17","modified_gmt":"2024-03-12T16:23:17","slug":"longarina-aeroporto-c-02-lugares-aco","status":"publish","type":"product","link":"https:\/\/executivaoffice.com.br\/index.php\/produto\/longarina-aeroporto-c-02-lugares-aco\/","title":{"rendered":"Longarina Aeroporto c\/ 02 Lugares A\u00e7o"},"content":{"rendered":"<p><strong>Longarina aeroporto com 02 Lugares<\/strong><\/p>\n<p>Dimens\u00f5es do produto:<\/p>\n<p>Largura: 110cm<\/p>\n<p>Altura: 75cm<\/p>\n<p>Capacidade de peso: 130 kg por assento<\/p>\n<p>&nbsp;<\/p>\n","protected":false},"excerpt":{"rendered":"<p><strong>Ficha T\u00e9cnica:<\/strong><\/p>\n<p>Garantia do Fornecedor: 24 Meses<\/p>\n<p><strong>Modelo: LONGARINA PARA CL\u00cdNICA, ESCRIT\u00d3RIO, ESCOLA, IGREJA, RECEP\u00c7\u00c3O, ETC\u2026<\/strong><\/p>\n<p>Refer\u00eancia do Modelo: Longarina<\/p>\n<p>Dimens\u00f5es: 110cm de largura \/ 75cmm de altura<\/p>\n<p>Conte\u00fado da Embalagem:\u00a0 4 Assento e Encosto Cromado \/\u00a0 2 Longarina 02 Lugares<\/p>\n<p><strong>Peso Suportado (Kg): 130 Por Assento<\/strong><\/p>\n<p>Fabricante: MARTIFLEX \/ American Fer<\/p>\n<p>Peso da embalagem c\/ produto (kg): 30<\/p>\n<p>Ambiente: Escrit\u00f3rio<\/p>\n<p>Cores Dispon\u00edveis:<\/p>\n<p><strong>Cor Cinza ( Com Acabamento Cromado )<\/strong><\/p>\n<p>Outros Recursos \/ Mais informa\u00e7\u00f5es: Estrutura Cromada \/ Pintura Eletrost\u00e1tica \/ Barra Dupla da Estrutura<\/p>\n<p>Marca: MARTIFLEX<\/p>\n<p>Material da Estrutura: A\u00c7O CROMADO<\/p>\n<p><strong>Produto \u00e9 enviado desmontado (n\u00e3o realizamos a montagem) \u2013 Acompanha manual de instru\u00e7\u00f5es para montagem.<\/strong><\/p>\n<p>A Transportadora n\u00e3o se responsabiliza, no ato da entrega, por subir escadas\/elevadores ou transporte por guincho em apartamentos. Eventuais despesas s\u00e3o de responsabilidade do comprador. Confira as dimens\u00f5es deste produto e certifique-se de que passar\u00e1 normalmente por supostos elevadores, portas, escadas e\/ou corredores. Para mais informa\u00e7\u00f5es, acesse nossa Central de Atendimento.<\/p>\n<p><strong>Longarina AEROPORTO com 02 Lugares \u2013 Cor Cromada\u00a0<\/strong><\/p>\n<p><strong>Instru\u00e7\u00f5es de Limpeza:<\/strong><br \/>\nPassar um pano levemente umedecido com \u00e1gua ou detergente neutro e em seguida um pano seco para as limpezas do dia a dia.<br \/>\nNunca use produtos abrasivos, como sapon\u00e1ceos, esponja de a\u00e7o, escova com cerdas duras, entre outros.<\/p>\n<p><strong>Instru\u00e7\u00f5es de Conserva\u00e7\u00e3o:<\/strong><br \/>\nEvitar expor\/utilizar os produtos em ambientes com alta umidade, exemplo: c\u00e2maras frias, saunas e \u00e1reas molhadas.<br \/>\nN\u00e3o armazenar produtos corrosivos, exemplo: \u00e1cido, cloro etc.<\/p>\n","protected":false},"featured_media":728,"comment_status":"open","ping_status":"closed","template":"","meta":{"_joinchat":[]},"product_cat":[37],"product_tag":[],"class_list":{"0":"post-727","1":"product","2":"type-product","3":"status-publish","4":"has-post-thumbnail","6":"product_cat-longarinas","8":"first","9":"instock","10":"shipping-taxable","11":"purchasable","12":"product-type-simple"},"_links":{"self":[{"href":"https:\/\/executivaoffice.com.br\/index.php\/wp-json\/wp\/v2\/product\/727","targetHints":{"allow":["GET"]}}],"collection":[{"href":"https:\/\/executivaoffice.com.br\/index.php\/wp-json\/wp\/v2\/product"}],"about":[{"href":"https:\/\/executivaoffice.com.br\/index.php\/wp-json\/wp\/v2\/types\/product"}],"replies":[{"embeddable":true,"href":"https:\/\/executivaoffice.com.br\/index.php\/wp-json\/wp\/v2\/comments?post=727"}],"wp:featuredmedia":[{"embeddable":true,"href":"https:\/\/executivaoffice.com.br\/index.php\/wp-json\/wp\/v2\/media\/728"}],"wp:attachment":[{"href":"https:\/\/executivaoffice.com.br\/index.php\/wp-json\/wp\/v2\/media?parent=727"}],"wp:term":[{"taxonomy":"product_cat","embeddable":true,"href":"https:\/\/executivaoffice.com.br\/index.php\/wp-json\/wp\/v2\/product_cat?post=727"},{"taxonomy":"product_tag","embeddable":true,"href":"https:\/\/executivaoffice.com.br\/index.php\/wp-json\/wp\/v2\/product_tag?post=727"}],"curies":[{"name":"wp","href":"https:\/\/api.w.org\/{rel}","templated":true}]}}